{"id":2251,"date":"2026-03-18T10:22:34","date_gmt":"2026-03-18T09:22:34","guid":{"rendered":"https:\/\/entwicklung.sinex.de\/schwarzwaldruhe\/?page_id=2251"},"modified":"2026-03-23T11:31:47","modified_gmt":"2026-03-23T10:31:47","slug":"wellness","status":"publish","type":"page","link":"https:\/\/entwicklung.sinex.de\/schwarzwaldruhe\/wellness\/","title":{"rendered":"Wellness"},"content":{"rendered":"<div id=\"pl-2251\"  class=\"panel-layout\" ><div id=\"pg-2251-0\"  class=\"panel-grid panel-no-style\" ><div id=\"pgc-2251-0-0\"  class=\"panel-grid-cell\" ><div id=\"panel-2251-0-0-0\" class=\"so-panel widget widget_wwm-headline-widget panel-first-child panel-last-child\" data-index=\"0\" ><div\n\t\t\t\n\t\t\tclass=\"so-widget-wwm-headline-widget so-widget-wwm-headline-widget-base\"\n\t\t\t\n\t\t><h1 class=\"wwm-headline1\" style=\"text-align:center;\">Wellness<\/h1><h3 class=\"wwm-headline2\" style=\"text-align:center;\">Wohlf\u00fchlmomente inmitten der Natur<\/h3><\/div><\/div><\/div><\/div><div id=\"pg-2251-1\"  class=\"panel-grid panel-no-style\" ><div id=\"pgc-2251-1-0\"  class=\"panel-grid-cell\" ><div id=\"panel-2251-1-0-0\" class=\"so-panel widget widget_wwm-text-widget panel-first-child panel-last-child\" data-index=\"1\" ><div\n\t\t\t\n\t\t\tclass=\"so-widget-wwm-text-widget so-widget-wwm-text-widget-base\"\n\t\t\t\n\t\t><div style=\"color:;\"><div style=\"padding:0px;\"><p data-start=\"212\" data-end=\"645\">Unsere gem\u00fctliche Fasssauna l\u00e4dt Sie dazu ein, die wohltuende W\u00e4rme auf sich wirken zu lassen und K\u00f6rper sowie Geist in Einklang zu bringen. F\u00fcr die erfrischende Abk\u00fchlung steht Ihnen ein idyllischer Naturbadeteich zur Verf\u00fcgung, der ein ganz besonderes Badeerlebnis in nat\u00fcrlicher Umgebung bietet. Erg\u00e4nzt wird Ihr Wohlf\u00fchlaufenthalt durch einen entspannenden Whirlpool, in dem Sie einfach abschalten und neue Energie tanken k\u00f6nnen.<\/p>\n<p data-start=\"647\" data-end=\"833\">Auch f\u00fcr gesellige Momente ist gesorgt: In unserer urigen Grillh\u00fctte verbringen Sie entspannte Stunden in angenehmer Atmosph\u00e4re \u2013 perfekt f\u00fcr gemeinsame Abende mit Familie oder Freunden.<\/p>\n<p data-start=\"835\" data-end=\"931\" data-is-last-node=\"\" data-is-only-node=\"\">Genie\u00dfen Sie eine Auszeit, die ganz Ihnen geh\u00f6rt \u2013 ruhig, erholsam und fernab vom L\u00e4rm der Welt.<\/p>\n<\/div><\/div><\/div><\/div><\/div><div id=\"pgc-2251-1-1\"  class=\"panel-grid-cell\" ><div id=\"panel-2251-1-1-0\" class=\"so-panel widget widget_wwm-specialimage-widget panel-first-child panel-last-child\" data-index=\"2\" ><div\n\t\t\t\n\t\t\tclass=\"so-widget-wwm-specialimage-widget so-widget-wwm-specialimage-widget-base\"\n\t\t\t\n\t\t><div class=\"wwm-specialimageright\" style=\"background-color:#cbe5d9\"><div class=\"wwm-specialimage-content-right\"><div id=\"pl-w69caabba\"  class=\"panel-layout\" ><div id=\"pg-w69caabba-0\"  class=\"panel-grid panel-no-style\" ><div id=\"pgc-w69caabba-0-0\"  class=\"panel-grid-cell\" ><div id=\"panel-w69caabba-0-0-0\" class=\"so-panel widget widget_wwm-image-widget panel-first-child panel-last-child\" data-index=\"0\" ><div class=\"panel-widget-style panel-widget-style-for-w69caabba-0-0-0\" ><div\n\t\t\t\n\t\t\tclass=\"so-widget-wwm-image-widget so-widget-wwm-image-widget-base\"\n\t\t\t\n\t\t><style>\r\n.wwm-image .image-e10a6a0d-e761-4c31-ab11-6572eb008b32{ \r\n}\r\n.wwm-image .image-e10a6a0d-e761-4c31-ab11-6572eb008b32:hover\r\n{ \r\n}\r\n@media only screen and (max-width: 768px)\r\n{\r\n\t.wwm-image .image-e10a6a0d-e761-4c31-ab11-6572eb008b32\t{ \r\n\t\t}\r\n}\r\n<\/style>\r\n\r\n<div class=\"wwm-image\" style=\"text-align:left\"><img decoding=\"async\" class=\"image-e10a6a0d-e761-4c31-ab11-6572eb008b32\" src=\"https:\/\/entwicklung.sinex.de\/schwarzwaldruhe\/wp-content\/uploads\/schwarzwaldruhe-unterroturach-fasssauna-aussen.jpg\" alt=\"\" width=\"100%\" title=\"\" \/><\/div><\/div><\/div><\/div><\/div><\/div><\/div><\/div><\/div><\/div><\/div><\/div><\/div><\/div>","protected":false},"excerpt":{"rendered":"<p>WellnessWohlf\u00fchlmomente inmitten der NaturUnsere gem\u00fctliche Fasssauna l\u00e4dt Sie dazu ein, die wohltuende W\u00e4rme auf sich wirken zu lassen und K\u00f6rper sowie Geist in Einklang zu bringen. F\u00fcr die erfrischende Abk\u00fchlung steht Ihnen ein idyllischer Naturbadeteich zur Verf\u00fcgung, der ein ganz besonderes Badeerlebnis in nat\u00fcrlicher Umgebung bietet. Erg\u00e4nzt wird Ihr Wohlf\u00fchlaufenthalt [&hellip;]<\/p>\n","protected":false},"author":3,"featured_media":0,"parent":0,"menu_order":0,"comment_status":"closed","ping_status":"closed","template":"","meta":{"_acf_changed":false,"footnotes":""},"class_list":["post-2251","page","type-page","status-publish","hentry"],"acf":[],"_links":{"self":[{"href":"https:\/\/entwicklung.sinex.de\/schwarzwaldruhe\/wp-json\/wp\/v2\/pages\/2251","targetHints":{"allow":["GET"]}}],"collection":[{"href":"https:\/\/entwicklung.sinex.de\/schwarzwaldruhe\/wp-json\/wp\/v2\/pages"}],"about":[{"href":"https:\/\/entwicklung.sinex.de\/schwarzwaldruhe\/wp-json\/wp\/v2\/types\/page"}],"author":[{"embeddable":true,"href":"https:\/\/entwicklung.sinex.de\/schwarzwaldruhe\/wp-json\/wp\/v2\/users\/3"}],"replies":[{"embeddable":true,"href":"https:\/\/entwicklung.sinex.de\/schwarzwaldruhe\/wp-json\/wp\/v2\/comments?post=2251"}],"version-history":[{"count":6,"href":"https:\/\/entwicklung.sinex.de\/schwarzwaldruhe\/wp-json\/wp\/v2\/pages\/2251\/revisions"}],"predecessor-version":[{"id":2377,"href":"https:\/\/entwicklung.sinex.de\/schwarzwaldruhe\/wp-json\/wp\/v2\/pages\/2251\/revisions\/2377"}],"wp:attachment":[{"href":"https:\/\/entwicklung.sinex.de\/schwarzwaldruhe\/wp-json\/wp\/v2\/media?parent=2251"}],"curies":[{"name":"wp","href":"https:\/\/api.w.org\/{rel}","templated":true}]}}