{"id":2234,"date":"2026-03-11T15:54:28","date_gmt":"2026-03-11T14:54:28","guid":{"rendered":"https:\/\/entwicklung.sinex.de\/roll\/?page_id=2234"},"modified":"2026-03-17T14:56:04","modified_gmt":"2026-03-17T13:56:04","slug":"leistungen","status":"publish","type":"page","link":"https:\/\/entwicklung.sinex.de\/roll\/leistungen\/","title":{"rendered":"Leistungen"},"content":{"rendered":"<div id=\"pl-2234\"  class=\"panel-layout\" ><div id=\"pg-2234-0\"  class=\"panel-grid panel-no-style\" ><div id=\"pgc-2234-0-0\"  class=\"panel-grid-cell\" ><div id=\"panel-2234-0-0-0\" class=\"so-panel widget widget_wwm-text-widget panel-first-child panel-last-child\" data-index=\"0\" ><div\n\t\t\t\n\t\t\tclass=\"so-widget-wwm-text-widget so-widget-wwm-text-widget-base\"\n\t\t\t\n\t\t><div style=\"color:;\"><div style=\"padding:0px;\"><h1 style=\"text-align: center;\">Unsere <span style=\"color: #3a4654;\">Leistungen<\/span> im \u00dcberblick<\/h1>\n<\/div><\/div><\/div><\/div><\/div><\/div><div id=\"pg-2234-1\"  class=\"panel-grid panel-has-style\" ><div id=\"brillenreinigung\" class=\"panel-row-style panel-row-style-for-2234-1\" ><div id=\"pgc-2234-1-0\"  class=\"panel-grid-cell\" ><div id=\"panel-2234-1-0-0\" class=\"so-panel widget widget_wwm-image-text-widget panel-first-child panel-last-child\" data-index=\"1\" ><div\n\t\t\t\n\t\t\tclass=\"so-widget-wwm-image-text-widget so-widget-wwm-image-text-widget-base\"\n\t\t\t\n\t\t><div class=\"wwm-image-text-overlay\" style=\"background-image:url(https:\/\/entwicklung.sinex.de\/roll\/wp-content\/uploads\/contentimage.jpg);\"><h2>Brillen<br \/>reinigung<\/h2><\/div><\/div><\/div><\/div><div id=\"pgc-2234-1-1\"  class=\"panel-grid-cell\" ><div id=\"panel-2234-1-1-0\" class=\"so-panel widget widget_wwm-text-widget panel-first-child panel-last-child\" data-index=\"2\" ><div\n\t\t\t\n\t\t\tclass=\"so-widget-wwm-text-widget so-widget-wwm-text-widget-base\"\n\t\t\t\n\t\t><div style=\"color:;\"><div style=\"padding:0px;\"><p>Eine Brille begleitet Sie jeden Tag \u2013 da darf sie auch regelm\u00e4\u00dfig etwas Pflege bekommen. Bei unserer kostenlosen Brillen-Inspektion pr\u00fcfen wir sorgf\u00e4ltig alle wichtigen Elemente: Sitz, Passform, Schrauben, Nasenpads und Gl\u00e4ser. So stellen wir sicher, dass Ihre Brille weiterhin optimal sitzt und Ihnen ein angenehmes Tragegef\u00fchl bietet.<\/p>\n<p>Anschlie\u00dfend reinigen wir Ihre Brille gr\u00fcndlich im professionellen Ultraschallbad. Dabei werden selbst feinste Schmutzpartikel und Ablagerungen entfernt, die man mit einem Tuch nicht erreicht. Das Ergebnis: klare Sicht, hygienische Sauberkeit und ein Gef\u00fchl wie bei einer neuen Brille \u2013 und das v\u00f6llig kostenlos f\u00fcr unsere Kundinnen und Kunden.<\/p>\n<\/div><\/div><\/div><\/div><\/div><\/div><\/div><div id=\"pg-2234-2\"  class=\"panel-grid panel-has-style\" ><div id=\"schnellersehtest\" class=\"panel-row-style panel-row-style-for-2234-2\" ><div id=\"pgc-2234-2-0\"  class=\"panel-grid-cell\" ><div id=\"panel-2234-2-0-0\" class=\"so-panel widget widget_wwm-text-widget panel-first-child panel-last-child\" data-index=\"3\" ><div\n\t\t\t\n\t\t\tclass=\"so-widget-wwm-text-widget so-widget-wwm-text-widget-base\"\n\t\t\t\n\t\t><div style=\"color:;\"><div style=\"padding:0px;\"><p>Sehen ver\u00e4ndert sich oft schleichend \u2013 umso wichtiger ist es, regelm\u00e4\u00dfig einen kurzen Check durchzuf\u00fchren. Unser kostenloser Computer-Schnelltest liefert Ihnen innerhalb weniger Minuten eine erste Einsch\u00e4tzung Ihrer aktuellen Sehst\u00e4rke.<\/p>\n<p>Mit moderner Messtechnik erfassen wir, ob sich Ihre Werte ver\u00e4ndert haben oder ob ein ausf\u00fchrlicher Sehtest sinnvoll w\u00e4re. Der Schnelltest ist ideal f\u00fcr alle, die unkompliziert und ohne Termin einen ersten Eindruck gewinnen m\u00f6chten. Schnell, pr\u00e4zise und v\u00f6llig unverbindlich.<\/p>\n<\/div><\/div><\/div><\/div><\/div><div id=\"pgc-2234-2-1\"  class=\"panel-grid-cell\" ><div id=\"panel-2234-2-1-0\" class=\"so-panel widget widget_wwm-image-text-widget panel-first-child panel-last-child\" data-index=\"4\" ><div\n\t\t\t\n\t\t\tclass=\"so-widget-wwm-image-text-widget so-widget-wwm-image-text-widget-base\"\n\t\t\t\n\t\t><div class=\"wwm-image-text-overlay\" style=\"background-image:url(https:\/\/entwicklung.sinex.de\/roll\/wp-content\/uploads\/contentimage.jpg);\"><h2>Schneller<br \/>Sehtest<\/h2><\/div><\/div><\/div><\/div><\/div><\/div><div id=\"pg-2234-3\"  class=\"panel-grid panel-has-style\" ><div id=\"fuehrerscheinsehtest\" class=\"panel-row-style panel-row-style-for-2234-3\" ><div id=\"pgc-2234-3-0\"  class=\"panel-grid-cell\" ><div id=\"panel-2234-3-0-0\" class=\"so-panel widget widget_wwm-image-text-widget panel-first-child panel-last-child\" data-index=\"5\" ><div\n\t\t\t\n\t\t\tclass=\"so-widget-wwm-image-text-widget so-widget-wwm-image-text-widget-base\"\n\t\t\t\n\t\t><div class=\"wwm-image-text-overlay\" style=\"background-image:url(https:\/\/entwicklung.sinex.de\/roll\/wp-content\/uploads\/augenoptiker-roll-breisach-heitersheim-fuehrerschein-sehtest.jpg);\"><h2>F\u00fchrerschein<br \/>sehtest<\/h2><\/div><\/div><\/div><\/div><div id=\"pgc-2234-3-1\"  class=\"panel-grid-cell\" ><div id=\"panel-2234-3-1-0\" class=\"so-panel widget widget_wwm-text-widget panel-first-child panel-last-child\" data-index=\"6\" ><div\n\t\t\t\n\t\t\tclass=\"so-widget-wwm-text-widget so-widget-wwm-text-widget-base\"\n\t\t\t\n\t\t><div style=\"color:;\"><div style=\"padding:0px;\"><p>F\u00fcr den F\u00fchrerschein ist ein g\u00fcltiger Sehtest Pflicht \u2013 und bei uns erhalten Sie ihn schnell, unkompliziert und professionell. Als amtlich anerkannte F\u00fchrerscheinsehteststelle f\u00fchren wir den Test direkt vor Ort durch.<\/p>\n<p>Sie ben\u00f6tigen lediglich Ihren Personalausweis oder Reisepass. Der Sehtest dauert nur wenige Minuten und best\u00e4tigt, ob Ihre Sehsch\u00e4rfe den gesetzlichen Anforderungen entspricht.<br \/>\nDamit sind Sie bestens vorbereitet f\u00fcr den n\u00e4chsten Schritt auf dem Weg zu Ihrem F\u00fchrerschein.<\/p>\n<\/div><\/div><\/div><\/div><\/div><\/div><\/div><div id=\"pg-2234-4\"  class=\"panel-grid panel-has-style\" ><div id=\"kostenlosebrillenauswahl\" class=\"panel-row-style panel-row-style-for-2234-4\" ><div id=\"pgc-2234-4-0\"  class=\"panel-grid-cell\" ><div id=\"panel-2234-4-0-0\" class=\"so-panel widget widget_wwm-text-widget panel-first-child panel-last-child\" data-index=\"7\" ><div\n\t\t\t\n\t\t\tclass=\"so-widget-wwm-text-widget so-widget-wwm-text-widget-base\"\n\t\t\t\n\t\t><div style=\"color:;\"><div style=\"padding:0px;\"><p>Manchmal braucht es etwas Ruhe, um die richtige Entscheidung zu treffen. Mit unserem Brillenauswahl-Service f\u00fcr zu Hause bringen wir Ihnen die Optiker-Erfahrung direkt ins Wohnzimmer.<\/p>\n<p>Wir stellen Ihnen eine individuelle Auswahl an Fassungen zusammen, die zu Ihrem Stil, Ihren Bed\u00fcrfnissen und Ihrem Gesicht passen. Diese k\u00f6nnen Sie ganz entspannt zu Hause anprobieren \u2013 allein, mit Familie oder Freunden.<\/p>\n<p>So finden Sie die Brille, die sich nicht nur gut anf\u00fchlt, sondern auch perfekt zu Ihnen passt. Ohne Zeitdruck, ohne Stress, daf\u00fcr mit maximalem Komfort.<\/p>\n<\/div><\/div><\/div><\/div><\/div><div id=\"pgc-2234-4-1\"  class=\"panel-grid-cell\" ><div id=\"panel-2234-4-1-0\" class=\"so-panel widget widget_wwm-image-text-widget panel-first-child panel-last-child\" data-index=\"8\" ><div\n\t\t\t\n\t\t\tclass=\"so-widget-wwm-image-text-widget so-widget-wwm-image-text-widget-base\"\n\t\t\t\n\t\t><div class=\"wwm-image-text-overlay\" style=\"background-image:url(https:\/\/entwicklung.sinex.de\/roll\/wp-content\/uploads\/augenoptiker-roll-breisach-heitersheim-brillenreinigung.jpg);\"><h2>Kostenlose<br \/>Brillenauswahl<\/h2><\/div><\/div><\/div><\/div><\/div><\/div><div id=\"pg-2234-5\"  class=\"panel-grid panel-has-style\" ><div id=\"brillenanfertigung\" class=\"panel-row-style panel-row-style-for-2234-5\" ><div id=\"pgc-2234-5-0\"  class=\"panel-grid-cell\" ><div id=\"panel-2234-5-0-0\" class=\"so-panel widget widget_wwm-image-text-widget panel-first-child panel-last-child\" data-index=\"9\" ><div id=\"brillenanfertigung\" class=\"panel-widget-style panel-widget-style-for-2234-5-0-0\" ><div\n\t\t\t\n\t\t\tclass=\"so-widget-wwm-image-text-widget so-widget-wwm-image-text-widget-base\"\n\t\t\t\n\t\t><div class=\"wwm-image-text-overlay\" style=\"background-image:url(https:\/\/entwicklung.sinex.de\/roll\/wp-content\/uploads\/augenoptiker-roll-breisach-heitersheim-brillenanpassung.jpg);\"><h2>Brillenanfertigung<br \/>in eigener Meisterwerkstatt<\/h2><\/div><\/div><\/div><\/div><\/div><div id=\"pgc-2234-5-1\"  class=\"panel-grid-cell\" ><div id=\"panel-2234-5-1-0\" class=\"so-panel widget widget_wwm-text-widget panel-first-child panel-last-child\" data-index=\"10\" ><div\n\t\t\t\n\t\t\tclass=\"so-widget-wwm-text-widget so-widget-wwm-text-widget-base\"\n\t\t\t\n\t\t><div style=\"color:;\"><div style=\"padding:0px;\"><p>Ihre Brille ist ein individuelles Qualit\u00e4tsprodukt \u2013 und genau so behandeln wir sie. In unserer hauseigenen Meisterwerkstatt fertigen wir jede Brille mit h\u00f6chster Pr\u00e4zision und viel handwerklicher Erfahrung.<br \/>\nVom exakten Schleifen der Gl\u00e4ser \u00fcber die perfekte Zentrierung bis hin zur finalen Anpassung an Ihre Gesichtsform: Jeder Schritt wird sorgf\u00e4ltig ausgef\u00fchrt, damit Ihre Brille nicht nur gut aussieht, sondern auch optimal funktioniert.<\/p>\n<p>Durch die Fertigung vor Ort k\u00f6nnen wir flexibel reagieren, Reparaturen schnell durchf\u00fchren und h\u00f6chste Qualit\u00e4tsstandards garantieren. Ihre Brille entsteht nicht irgendwo \u2013 sondern direkt bei uns.<\/p>\n<\/div><\/div><\/div><\/div><\/div><\/div><\/div><div id=\"pg-2234-6\"  class=\"panel-grid panel-has-style\" ><div id=\"professionellesehanalyse\" class=\"panel-row-style panel-row-style-for-2234-6\" ><div id=\"pgc-2234-6-0\"  class=\"panel-grid-cell\" ><div id=\"panel-2234-6-0-0\" class=\"so-panel widget widget_wwm-text-widget panel-first-child panel-last-child\" data-index=\"11\" ><div\n\t\t\t\n\t\t\tclass=\"so-widget-wwm-text-widget so-widget-wwm-text-widget-base\"\n\t\t\t\n\t\t><div style=\"color:;\"><div style=\"padding:0px;\"><p>Gutes Sehen ist mehr als nur eine Zahl auf einem Messger\u00e4t. Unsere professionelle Sehanalyse geht weit \u00fcber einen klassischen Sehtest hinaus.<\/p>\n<p>Wir betrachten Ihre Sehgewohnheiten, Ihren Alltag, Ihre Augenbewegungen, Kontrastempfinden und Lichtempfindlichkeit. Mit modernster Messtechnik erstellen wir ein umfassendes Sehprofil, das zeigt, wie Ihre Augen wirklich arbeiten.<br \/>\nAuf dieser Basis empfehlen wir Ihnen die optimale L\u00f6sung \u2013 ob Gleitsicht, Arbeitsplatzbrille, spezielle Filtergl\u00e4ser oder individuelle Korrekturen. Das Ergebnis: entspanntes, pr\u00e4zises und komfortables Sehen in jeder Situation.<\/p>\n<\/div><\/div><\/div><\/div><\/div><div id=\"pgc-2234-6-1\"  class=\"panel-grid-cell\" ><div id=\"panel-2234-6-1-0\" class=\"so-panel widget widget_wwm-image-text-widget panel-first-child panel-last-child\" data-index=\"12\" ><div\n\t\t\t\n\t\t\tclass=\"so-widget-wwm-image-text-widget so-widget-wwm-image-text-widget-base\"\n\t\t\t\n\t\t><div class=\"wwm-image-text-overlay\" style=\"background-image:url(https:\/\/entwicklung.sinex.de\/roll\/wp-content\/uploads\/contentimage.jpg);\"><h2>Professionelle<br \/>Sehanalyse<\/h2><\/div><\/div><\/div><\/div><\/div><\/div><div id=\"pg-2234-7\"  class=\"panel-grid panel-has-style\" ><div id=\"kontaktlinsenanpassung\" class=\"panel-row-style panel-row-style-for-2234-7\" ><div id=\"pgc-2234-7-0\"  class=\"panel-grid-cell\" ><div id=\"panel-2234-7-0-0\" class=\"so-panel widget widget_wwm-image-text-widget panel-first-child panel-last-child\" data-index=\"13\" ><div id=\"kontaktlinsenanpassung\" class=\"panel-widget-style panel-widget-style-for-2234-7-0-0\" ><div\n\t\t\t\n\t\t\tclass=\"so-widget-wwm-image-text-widget so-widget-wwm-image-text-widget-base\"\n\t\t\t\n\t\t><div class=\"wwm-image-text-overlay\" style=\"background-image:url(https:\/\/entwicklung.sinex.de\/roll\/wp-content\/uploads\/augenoptiker-roll-breisach-heitersheim-kontaktlinsen.jpg);\"><h2>Kontaktlinsen<br \/>anpassung<\/h2><\/div><\/div><\/div><\/div><\/div><div id=\"pgc-2234-7-1\"  class=\"panel-grid-cell\" ><div id=\"panel-2234-7-1-0\" class=\"so-panel widget widget_wwm-text-widget panel-first-child panel-last-child\" data-index=\"14\" ><div\n\t\t\t\n\t\t\tclass=\"so-widget-wwm-text-widget so-widget-wwm-text-widget-base\"\n\t\t\t\n\t\t><div style=\"color:;\"><div style=\"padding:0px;\"><p>Ihre Brille ist ein individuelles Qualit\u00e4tsprodukt \u2013 und genau so behandeln wir sie. In unserer hauseigenen Meisterwerkstatt fertigen wir jede Brille mit h\u00f6chster Pr\u00e4zision und viel handwerklicher Erfahrung.<br \/>\nVom exakten Schleifen der Gl\u00e4ser \u00fcber die perfekte Zentrierung bis hin zur finalen Anpassung an Ihre Gesichtsform: Jeder Schritt wird sorgf\u00e4ltig ausgef\u00fchrt, damit Ihre Brille nicht nur gut aussieht, sondern auch optimal funktioniert.<\/p>\n<p>Durch die Fertigung vor Ort k\u00f6nnen wir flexibel reagieren, Reparaturen schnell durchf\u00fchren und h\u00f6chste Qualit\u00e4tsstandards garantieren. Ihre Brille entsteht nicht irgendwo \u2013 sondern direkt bei uns.<\/p>\n<\/div><\/div><\/div><\/div><\/div><\/div><\/div><\/div>","protected":false},"excerpt":{"rendered":"<p>Unsere Leistungen im \u00dcberblick BrillenreinigungEine Brille begleitet Sie jeden Tag \u2013 da darf sie auch regelm\u00e4\u00dfig etwas Pflege bekommen. Bei unserer kostenlosen Brillen-Inspektion pr\u00fcfen wir sorgf\u00e4ltig alle wichtigen Elemente: Sitz, Passform, Schrauben, Nasenpads und Gl\u00e4ser. So stellen wir sicher, dass Ihre Brille weiterhin optimal sitzt und Ihnen ein angenehmes Tragegef\u00fchl [&hellip;]<\/p>\n","protected":false},"author":3,"featured_media":0,"parent":0,"menu_order":0,"comment_status":"closed","ping_status":"closed","template":"","meta":{"_acf_changed":false,"footnotes":""},"class_list":["post-2234","page","type-page","status-publish","hentry"],"acf":[],"_links":{"self":[{"href":"https:\/\/entwicklung.sinex.de\/roll\/wp-json\/wp\/v2\/pages\/2234","targetHints":{"allow":["GET"]}}],"collection":[{"href":"https:\/\/entwicklung.sinex.de\/roll\/wp-json\/wp\/v2\/pages"}],"about":[{"href":"https:\/\/entwicklung.sinex.de\/roll\/wp-json\/wp\/v2\/types\/page"}],"author":[{"embeddable":true,"href":"https:\/\/entwicklung.sinex.de\/roll\/wp-json\/wp\/v2\/users\/3"}],"replies":[{"embeddable":true,"href":"https:\/\/entwicklung.sinex.de\/roll\/wp-json\/wp\/v2\/comments?post=2234"}],"version-history":[{"count":9,"href":"https:\/\/entwicklung.sinex.de\/roll\/wp-json\/wp\/v2\/pages\/2234\/revisions"}],"predecessor-version":[{"id":2336,"href":"https:\/\/entwicklung.sinex.de\/roll\/wp-json\/wp\/v2\/pages\/2234\/revisions\/2336"}],"wp:attachment":[{"href":"https:\/\/entwicklung.sinex.de\/roll\/wp-json\/wp\/v2\/media?parent=2234"}],"curies":[{"name":"wp","href":"https:\/\/api.w.org\/{rel}","templated":true}]}}